m(-91)?
9
Let p(o) = -12*o**2 + 55*o + 52. Determine p(-1).
-15
Let g(f) = -105*f - 173. Determine g(-8).
667
Let l(m) = -78*m + 30. Give l(-3).
264
Let h(u) = u**2 + 12*u - 85. Determine h(9).
104
Let l(p) = -p**3 + 19*p**2 - 14*p - 70. What is l(18)?
2
Let z(d) = 3*d**3 + 55*d**2 + 17*d. Calculate z(-18).
18
Let j(o) = -22*o + 316. What is j(4)?
228
Let h(z) = z**3 - 39*z**2 + 301*z + 186. Calculate h(28).
-10
Let p(r) = -r**3 + 25*r**2 + 59*r + 32. What is p(27)?
167
Let m(s) = 2*s**2 - 107*s + 56. Give m(53).
3
Let o(l) = -3*l**2 + 29*l + 55. Determine o(11).
11
Let i(f) = -f**3 + 65*f**2 - 16*f + 1056. Determine i(65).
16
Let r(b) = -2*b**3 - 22*b**2 - 7*b - 7. What is r(-12)?
365
Let x(s) = -3*s**2 - 36*s - 24. What is x(-11)?
9
Let u(p) = -1938*p - 5860. What is u(-3)?
-46
Let p(z) = -4*z**2 - 19*z - 180. Determine p(-9).
-333
Let s(l) = 2*l**3 - 34*l**2 + 29*l + 124. Calculate s(15).
-341
Let n(q) = q**2 - 7*q + 14. Give n(7).
14
Let r(x) = x**3 - 17*x**2 + 18*x + 18. What is r(2)?
-6
Let a(u) = 4449*u + 244688. Calculate a(-55).
-7
Let q(z) = -z**3 - 30*z**2 + 146*z + 340. Determine q(-34).
0
Let g(m) = 217*m + 243. Calculate g(-1).
26
Let c(t) = -31*t**2 - 428*t + 90. What is c(-14)?
6
Let c(i) = -i**2 + 14*i + 698. Determine c(-20).
18
Let g(r) = -3*r**2 - 18*r - 32. Give g(-8).
-80
Let y(b) = b**3 - b**2 + 15*b - 35. Give y(3).
28
Let f(q) = -14*q**2 + 37*q - 210. Give f(7).
-637
Let l(c) = c**3 + 46*c**2 + 52*c + 284. What is l(-45)?
-31
Let r(w) = 2*w**3 + 12*w**2 + 2*w - 13. Determine r(-8).
-285
Let y(f) = 67*f + 724. Give y(-11).
-13
Let v(y) = 20116*y - 140817. Give v(7).
-5
Let p(y) = -68*y**2 - 255*y + 58. Calculate p(-4).
-10
Let d(t) = -1206*t - 2461. What is d(-2)?
-49
Let b(c) = -c**3 + 100*c**2 + 418*c - 231. Calculate b(104).
-23
Let f(q) = 119*q + 529. Give f(-5).
-66
Let h(m) = -m**2 + 8*m + 35. Determine h(-7).
-70
Let q(b) = -30*b - 157. What is q(-5)?
-7
Let u(d) = 394*d - 447. Give u(2).
341
Let q(a) = a**3 - 15*a**2 + 23*a + 24. Determine q(13).
-15
Let o(v) = -v**3 + 29*v**2 - 175*v - 117. Give o(20).
-17
Let m(g) = 176*g + 39447. Calculate m(-224).
23
Let b(f) = -2*f**2 + 39*f + 41. Determine b(18).
95
Let q(z) = -z**3 + 4*z**2 - 31*z - 147. What is q(-4)?
105
Let t(c) = 2654*c + 2641. What is t(-1)?
-13
Let b(d) = d**2 - 9*d - 907. Give b(41).
405
Let l(k) = -12*k**2 + 12*k + 32. Calculate l(-4).
-208
Let x(i) = -5*i**2 - 8*i - 39. Calculate x(-7).
-228
Let z(h) = h**3 + 55*h**2 - 4*h - 221. Calculate z(-55).
-1
Let p(k) = -7*k**2 - 16*k - 54. Calculate p(6).
-402
Let p(i) = 3*i**2 - 22771*i - 45545. Determine p(-2).
9
Let k(d) = 30*d**3 - 3*d**2 + 4*d - 3. What is k(1)?
28
Let j(b) = -b**3 + 109*b**2 - 421*b + 132. Determine j(105).
27
Let u(m) = m**2 + 42*m + 263. Determine u(-26).
-153
Let f(k) = -77*k + 17. Calculate f(-3).
248
Let w(b) = 39*b - 1765. What is w(45)?
-10
Let c(h) = 17*h**2 - 73*h - 315. Calculate c(7).
7
Let v(u) = -3*u**2 + 19*u - 15. Determine v(14).
-337
Let x(u) = -u**3 + 14*u**2 - 23*u + 328. Give x(14).
6
Let z(v) = 3*v**3 + 73*v**2 - 23*v + 634. Give z(-25).
-41
Let i(u) = 192*u + 1138. What is i(-6)?
-14
Let j(u) = 2*u**2 - 65*u + 33. Give j(16).
-495
Let d(p) = -2*p**2 + 71*p - 259. Give d(4).
-7
Let q(b) = b**3 - 14*b**2 - 52*b + 18. What is q(17)?
1
Let a(c) = -2*c**3 + 4*c**2 - 13*c + 65. Determine a(5).
-150
Let u(k) = 391*k - 1166. What is u(2)?
-384
Let n(j) = j**2 - 568*j + 55048. Calculate n(124).
-8
Let t(o) = 5*o**2 - 300*o + 1641. Calculate t(54).
21
Let s(z) = -32*z + 3. What is s(2)?
-61
Let t(b) = -555*b - 2772. Determine t(-5).
3
Let c(g) = 30*g + 14. Calculate c(-5).
-136
Let m(n) = -255*n - 1995. Calculate m(-10).
555
Let t(w) = -w**3 + 6*w**2 + 32*w - 196. Determine t(6).
-4
Let h(o) = -192*o + 5373. Calculate h(28).
-3
Let l(s) = -263*s - 1284. Determine l(-5).
31
Let w(h) = 3*h**2 - 3*h - 27. Calculate w(6).
63
Let t(i) = -i**2 - 131*i - 4144. Give t(-81).
-94
Let a(o) = o**2 + 78*o - 407. Determine a(-83).
8
Let s(o) = -69*o - 741. Give s(-12).
87
Let h(z) = 394*z - 630. Give h(1).
-236
Let q(n) = -n**2 - 2292*n + 93285. Give q(40).
5
Let r(m) = -2*m**3 - 3*m**2 + 2*m + 36. What is r(-4)?
108
Let a(l) = -43*l**2 - 116*l + 29. Determine a(-3).
-10
Let v(j) = j**3 + 133*j**2 + 396*j + 747. Calculate v(-130).
-33
Let k(v) = v**2 + 614*v - 97603. What is k(131)?
-8
Let v(q) = -2089*q + 79388. Give v(38).
6
Let q(m) = 196*m - 740. Give q(4).
44
Let w(o) = -16*o - 57. Calculate w(-4).
7
Let o(p) = -5*p + 314. Calculate o(62).
4
Let y(j) = -j**3 - 18*j**2 - 25*j - 65. Determine y(-17).
71
Let z(d) = 14*d**3 - 3*d**2 - 3*d + 2. What is z(-2)?
-116
Let g(j) = 98*j + 182. What is g(-2)?
-14
Let m(h) = -311*h - 2198. Determine m(-7).
-21
Let p(s) = -8*s**2 + 1089*s - 12022. Calculate p(124).
6
Let f(m) = 3*m**2 - 37*m + 43. Give f(11).
-1
Let s(x) = -x**2 + 2*x + 121. Give s(12).
1
Let b(y) = -y**2 + 85*y - 1499. Determine b(25).
1
Let j(a) = a**3 - 9*a**2 - 156*a - 133. Calculate j(18).
-25
Let w(k) = 92*k + 274. Give w(-7).
-370
Let u(j) = 28*j + 156. Determine u(-6).
-12
Let q(t) = 311*t + 295. What is q(-1)?
-16
Let p(r) = -r**2 - 6*r + 93. Determine p(8).
-19
Let d(t) = 42*t + 811. Calculate d(-22).
-113
Let h(r) = r**2 + 144*r + 685. Give h(-139).
-10
Let p(n) = 497*n - 2987. Calculate p(6).
-5
Let j(u) = -10*u - 9. Give j(-23).
221
Let s(h) = -10*h**2 + 3*h - 2. What is s(2)?
-36
Let u(l) = 18*l + 74. Determine u(-7).
-52
Let y(v) = -3*v**3 + 32*v**2 - 27*v + 34. Give y(10).
-36
Let o(u) = -u**2 + 55*u - 618. Give o(16).
6
Let w(o) = 5*o**2 + 214*o - 3025. Calculate w(-54).
-1
Let c(b) = 3*b**3 - 64*b**2 - 443*b - 4. Determine c(-6).
-298
Let g(p) = -2*p**2 + 602*p - 1803. Give g(3).
-15
Let u(x) = x**3 + 3*x**2 + 4*x + 25. Determine u(-5).
-45
Let u(s) = s**3 - 18*s**2 + 44*s - 18. Calculate u(9).
-351
Let m(w) = 71*w - 4259. Calculate m(60).
1
Let f(c) = 26*c**2 + 32*c + 56. Calculate f(-5).
546
Let f(m) = 4*m**2 + 32*m - 271. Give f(-11).
-139
Let w(y) = 103*y - 8995. Determine w(88).
69
Let y(z) = -z**3 + 11*z**2 + 24*z + 9. Determine y(13).
-17
Let w(z) = -59*z - 185. What is w(-10)?
405
Let n(a) = 6*a**3 - 127*a**2 + 19*a + 16. What is n(21)?
-26
Let i(y) = 14*y**3 - 5*y**2 + 151*y + 156. What is i(-1)?
-14
Let u(o) = -2*o**2 - 4*o + 25. What is u(-4)?
9
Let v(u) = 3*u**2 - 7*u - 1077. Calculate v(-18).
21
Let x(b) = -2*b**2 - 129*b - 1146. Calculate x(-11).
31
Let k(i) = -2*i**3 - 10*i**2 + 43*i - 27. Calculate k(-8).
13
Let f(n) = 45*n - 4508. Calculate f(100).
-8
Let s(d) = -5*d**2 + 65*d + 853. Calculate s(21).
13
Let z(u) = -u**3 + 14*u**2 - 51*u + 13. Determine z(6).
-5
Let u(v) = 6*v - 242. Give u(34).
-38
Let p(w) = 32*w**2 - 768*w + 27. Calculate p(24).
27
Let q(d) = d**2 - 47*d - 94005. Give q(-284).
-1
Let i(d) = 184*d**2 - 33*d + 14. Give i(1).
165
Let p(c) = c**3 - 13*c**2 - 11*c - 45. Give p(14).
-3
Let w(p) = -56*p**2 - 2182*p + 32. What is w(-39)?
-46
Let q(o) = -2*o**2 - 69*o + 167. What is q(-37)?
-18
Let a(t) = -2*t**3 + 28*t**2 + 2*t - 14. What is a(14)?
14
Let t(u) = -u**2 - 77*u - 528. Calculate t(-7).
-38
Let a(d) = -455*d - 17739. Determine a(-39).
6
Let g(l) = 2*l**2 - 455*l - 4667. Give g(-10).
83
Let k(x) = -40*x - 113. Give k(-2).
-33
Let z(i) = i**2 + 157*i - 1840. Determine z(-168).
8
Let g(z) = -15*z + 40. Give g(-4).
100
Let x(c) = -3*c**3 - 26*c**2 + 5*c - 4. What is x(-9)?
32
Let c(f) = 48*f - 39. Give c(-5).
-279
Let w(l) = -l**3 - 74*l + 203. What is w(3)?
-46
Let v(j) = -11*j**2 + 225*j + 222. What is v(-1)?
-14
Let n(x) = x**3 + 12*x**2 + 24*x - 7. Determine n(-4).
25
Let u(y) = 753*y + 109932. Give u(-146).
-6
Let q(p) = -18*p**3 - p**2 - p + 3. Calculate q(1).
-17
Let f(z) = -z**2 - 7957*z - 23861. Give f(-3).
1
Let j(g) = g**2 - 12*g - 216. Calculate j(26).
148
Let f(s) = -30*s - 57. Give f(0).
-57
Let o(y) = -3768*y - 41475. Calculate o(-11).
-27
Let x(a) = a**3 + 30*a**2 + 105*a + 20. Give x(-26).
-6
Let g(x) = 3*x**3 + 33*x**2 - 5*x + 21. Calculate g(-11).
76
Let o(d) = -10735*d - 257646. Determine o(-24).
-6
Let n(h) = -3*h**3 - 111*h**2 - 4*h - 162. Determine n(-37).
-14
Let o(v) = -2*v**2 + 23*v - 79. Give o(6).
-13
Let o(s) = s**3 - 52*s**2 - 50*s - 76. What is o(53)?
83
Let b(n) = -4*n + 189. What is b(2